067.
36067
List the prime factors of 3271.
3271
List the prime factors of 41919.
3, 89, 157
List the prime factors of 1011.
3, 337
List the prime factors of 99167.
131, 757
What are the prime factors of 41713?
7, 59, 101
List the prime factors of 335.
5, 67
What are the prime factors of 1736?
2, 7, 31
List the prime factors of 2105.
5, 421
List the prime factors of 847.
7, 11
List the prime factors of 1515.
3, 5, 101
What are the prime factors of 17086?
2, 8543
What are the prime factors of 70262?
2, 19, 43
What are the prime factors of 66315?
3, 5, 4421
What are the prime factors of 16439?
17, 967
List the prime factors of 1135.
5, 227
List the prime factors of 734.
2, 367
List the prime factors of 13718.
2, 19
List the prime factors of 2152.
2, 269
List the prime factors of 636.
2, 3, 53
What are the prime factors of 558?
2, 3, 31
What are the prime factors of 1093?
1093
List the prime factors of 10460.
2, 5, 523
List the prime factors of 49190.
2, 5, 4919
What are the prime factors of 59263?
59263
List the prime factors of 1171.
1171
List the prime factors of 18419.
113, 163
List the prime factors of 1541.
23, 67
What are the prime factors of 20149?
20149
What are the prime factors of 4803?
3, 1601
List the prime factors of 8919.
3, 991
What are the prime factors of 9863?
7, 1409
List the prime factors of 11382.
2, 3, 7, 271
What are the prime factors of 21000?
2, 3, 5, 7
List the prime factors of 1996.
2, 499
List the prime factors of 1878.
2, 3, 313
What are the prime factors of 15518?
2, 7759
What are the prime factors of 10202?
2, 5101
List the prime factors of 934.
2, 467
What are the prime factors of 1105?
5, 13, 17
List the prime factors of 58257.
3, 6473
List the prime factors of 11199.
3, 3733
What are the prime factors of 35060?
2, 5, 1753
List the prime factors of 508.
2, 127
What are the prime factors of 1103?
1103
List the prime factors of 11718.
2, 3, 7, 31
What are the prime factors of 6506?
2, 3253
What are the prime factors of 749?
7, 107
List the prime factors of 32557.
7, 4651
What are the prime factors of 44272?
2, 2767
What are the prime factors of 18576?
2, 3, 43
What are the prime factors of 25387?
53, 479
List the prime factors of 424.
2, 53
List the prime factors of 2929.
29, 101
What are the prime factors of 1977?
3, 659
List the prime factors of 21149.
21149
List the prime factors of 1689.
3, 563
What are the prime factors of 51951?
3, 17317
What are the prime factors of 3710?
2, 5, 7, 53
What are the prime factors of 11049?
3, 29, 127
What are the prime factors of 1032?
2, 3, 43
List the prime factors of 9087.
3, 13, 233
What are the prime factors of 5679?
3, 631
What are the prime factors of 1497?
3, 499
What are the prime factors of 11241?
3, 1249
What are the prime factors of 15770?
2, 5, 19, 83
List the prime factors of 2820.
2, 3, 5, 47
What are the prime factors of 730?
2, 5, 73
What are the prime factors of 39336?
2, 3, 11, 149
List the prime factors of 42207.
3, 11, 1279
What are the prime factors of 22430?
2, 5, 2243
What are the prime factors of 1411?
17, 83
List the prime factors of 9162.
2, 3, 509
List the prime factors of 1506.
2, 3, 251
What are the prime factors of 3055?
5, 13, 47
List the prime factors of 3074.
2, 29, 53
List the prime factors of 1046.
2, 523
List the prime factors of 90518.
2, 45259
List the prime factors of 936.
2, 3, 13
What are the prime factors of 4316?
2, 13, 83
What are the prime factors of 281?
281
List the prime factors of 19667.
71, 277
List the prime factors of 294.
2, 3, 7
List the prime factors of 8231.
8231
List the prime factors of 38885.
5, 7, 11, 101
What are the prime factors of 103019?
7, 14717
What are the prime factors of 30494?
2, 79, 193
List the prime factors of 1755.
3, 5, 13
What are the prime factors of 44073?
3, 59, 83
List the prime factors of 2668.
2, 23, 29
What are the prime factors of 3080?
2, 5, 7, 11
What are the prime factors of 9222?
2, 3, 29, 53
What are the prime factors of 43714?
2, 11, 1987
What are the prime factors of 1991?
11, 181
What are the prime factors of 25372?
2, 6343
What are the prime factors of 16514?
2, 23, 359
What are the prime factors of 159?
3, 53
What are the prime factors of 898?
2, 449
List the prime factors of 5540.
2, 5, 277
What are the prime factors of 40511?
17, 2383
List the prime factors of 924.
2, 3, 7, 11
What are the prime factors of 2188?
2, 547
What are the prime factors of 1653?
3, 19, 29
What are the prime factors of 16902?
2, 3, 313
What are the prime factors of 35105?
5, 7, 17, 59
List the prime factors of 7538.
2, 3769
What are the prime factors of 40540?
2, 5, 2027
What are the prime factors of 25959?
3, 17, 509
What are the prime factors of 14644?
2, 7, 523
List the prime factors of 2667.
3, 7, 127
List the prime factors of 61487.
61487
List the prime factors of 7651.
7, 1093
What are the prime factors of 23469?
3, 7823
List the prime factors of 171708.
2, 3, 41, 349
What are the prime factors of 16371?
3, 17, 107
What are the prime factors of 1149?
3, 383
List the prime factors of 4513.
4513
List the prime factors of 65540.
2, 5, 29, 113
List the prime factors of 4714.
2, 2357
What are the prime factors of 8064?
2, 3, 7
What are the prime factors of 2984?
2, 373
What are the prime factors of 37909?
167, 227
What are the prime factors of 678?
2, 3, 113
List the prime factors of 1659.
3, 7, 79
List the prime factors of 5327.
7, 761
What are the prime factors of 266?
2, 7, 19
List the prime factors of 2493.
3, 277
List the prime factors of 15274.
2, 7, 1091
List the prime factors of 6521.
6521
List the prime factors of 330.
2, 3, 5, 11
What are the prime factors of 21228?
2, 3, 29, 61
List the prime factors of 1125.
3, 5
What are the prime factors of 418?
2, 11, 19
What are the prime factors of 243?
3
What are the prime factors of 893?
19, 47
List the prime factors of 3604.
2, 17, 53
What are the prime factors of 7046?
2, 13, 271
What are the prime factors of 23167?
23167
List the prime factors of 1113.
3, 7, 53
What are the prime factors of 1095?
3, 5, 73
List the prime factors of 91927.
11, 61, 137
List the prime factors of 14566.
2, 7283
What are the prime factors of 4955?
5, 991
List the prime factors of 497.
7, 71
List the prime factors of 26.
2, 13
What are the prime factors of 229?
229
List the prime factors of 1082.
2, 541
List the prime factors of 1108.
2, 277
List the prime factors of 7888.
2, 17, 29
List the prime factors of 3901.
47, 83
List the prime factors of 89361.
3, 9929
What are the prime factors of 12467?
7, 13, 137
List the prime factors of 188.
2, 47
List the prime factors of 428.
2, 107
List the prime factors of 19554.
2, 3, 3259
List the prime factors of 3203.
3203
List the prime factors of 494.
2, 13, 19
List the prime factors of 10534.
2, 23, 229
List the prime factors of 43045.
5, 8609
What are the prime factors of 6704?
2, 419
List the prime factors of 16000.
2, 5
List the prime factors of 1581.
3, 17, 31
What are the prime factors of 2309?
2309
What are the prime factors of 24240?
2, 3, 5, 101
What are the prime factors of 2399?
2399
List the prime factors of 47328.
2, 3, 17, 29
What are the prime factors of 1108?
2, 277
What are the prime factors of 2215?
5, 443
What are the prime factors of 14630?
2, 5, 7, 11, 19
List the prime factors of 80.
2, 5
List the prime factors of 3066.
2, 3, 7, 73
List the prime factors of 7878.
2, 3, 13, 101
What are the prime factors of 4438?
2, 7, 317
List the prime factors of 13175.
5, 17, 31
What are the prime factors of 697?
17, 41
What are the prime factors of 224?
2, 7
What are the prime factors of 3958?
2, 1979
List the prime factors of 1706.
2, 853
What are the prime factors of 10662?
2, 3, 1777
List the prime factors of 472.
2, 59
What are the prime factors of 1519?
7, 31
What are the prime factors of 75917?
89, 853
List the prime factors of 209.
11, 19
List the prime factors of 14774.
2, 83, 89
List the prime factors of 441.
3, 7
What are the prime factors of 37048?
2, 11, 421
List the prime factors of 13236.
2, 3, 1103
List the prime factors of 841.
29
List the prime factors of 25639.
25639
List the prime factors of 12765.
3, 5, 23, 37
List the prime factors of 5156.
2, 1289
What are the prime factors of 6239?
17, 367
What are t